{"id":966,"date":"2025-03-03T09:11:00","date_gmt":"2025-03-03T09:11:00","guid":{"rendered":"http:\/\/formacionnew.local\/?page_id=966"},"modified":"2025-03-04T09:02:01","modified_gmt":"2025-03-04T09:02:01","slug":"cursos","status":"publish","type":"page","link":"https:\/\/febf.org\/formacion\/cursos\/","title":{"rendered":"Cursos"},"content":{"rendered":"\t\t<div data-elementor-type=\"wp-page\" data-elementor-id=\"966\" class=\"elementor elementor-966\">\n\t\t\t\t\t\t<section class=\"has_eae_slider elementor-section elementor-top-section elementor-element elementor-element-1d9ef05 elementor-section-boxed elementor-section-height-default elementor-section-height-default\" data-eae-slider=\"68312\" data-id=\"1d9ef05\" data-element_type=\"section\" data-e-type=\"section\">\n\t\t\t\t\t\t<div class=\"elementor-container elementor-column-gap-default\">\n\t\t\t\t\t<div class=\"has_eae_slider elementor-column elementor-col-100 elementor-top-column elementor-element elementor-element-cd66898\" data-eae-slider=\"46937\" data-id=\"cd66898\" data-element_type=\"column\" data-e-type=\"column\">\n\t\t\t<div class=\"elementor-widget-wrap elementor-element-populated\">\n\t\t\t\t\t\t<div class=\"elementor-element elementor-element-a0808c4 elementor-widget elementor-widget-heading\" data-id=\"a0808c4\" data-element_type=\"widget\" data-e-type=\"widget\" data-widget_type=\"heading.default\">\n\t\t\t\t<div class=\"elementor-widget-container\">\n\t\t\t\t\t<h2 class=\"elementor-heading-title elementor-size-default\">Todos los cursos de la FEBF<\/h2>\t\t\t\t<\/div>\n\t\t\t\t<\/div>\n\t\t\t\t<div class=\"elementor-element elementor-element-0ea7051 elementor-widget elementor-widget-learnpress_list_courses\" data-id=\"0ea7051\" data-element_type=\"widget\" data-e-type=\"widget\" data-widget_type=\"learnpress_list_courses.default\">\n\t\t\t\t<div class=\"elementor-widget-container\">\n\t\t\t\t\t\t\t\t<div class=\"lp-archive-courses\">\n\t\t\t\t<ul class=\"learn-press-courses lp-list-courses-no-css\" data-layout=\"grid\"\n\t\t\t\t\tdata-size=\"10\">\n\t\t\t\t\t<li class=\"course\"><div class=\"course-item\" data-id=\"72\"><div class=\"course-thumbnail\"><a href=\"https:\/\/febf.org\/formacion\/courses\/curso-basico-en-sostenibilidad-para-pymes\/\"><div class=\"course-img\"><img decoding=\"async\" src=\"https:\/\/febf.org\/formacion\/wp-content\/uploads\/sites\/2\/2025\/02\/Miniatura-Sensibilizacion-Youtube-scaled-e1731064085884-500x300.jpg\" alt=\"miniatura del curso\"><\/div><\/a><\/div><div class=\"course-content\"><h3 class=\"wap-course-title\"><a class=\"course-permalink\" href=\"https:\/\/febf.org\/formacion\/courses\/curso-basico-en-sostenibilidad-para-pymes\/\"><span class='course-title'>Curso B\u00e1sico en Sostenibilidad para PYMES<\/span><\/a><\/h3><div class=\"course-instructor-category\"><div><label>por<\/label> <\/div><div><label>en<\/label> <div class=\"course-categories\"><a href=\"https:\/\/febf.org\/formacion\/course-category\/febf\/\" >FEBF<\/a><\/div><\/div><\/div><div class=\"course-wrap-meta\"><div class=\"meta-item meta-item-duration\"><span class=\"course-duration\">4 horas<\/span><\/div><div class=\"meta-item meta-item-level\"><span class=\"course-level\">Todos los niveles<\/span><\/div><div class=\"meta-item meta-item-lesson\"><div class=\"course-count-item lp_lesson\">3 Lecciones<\/div><\/div><div class=\"meta-item meta-item-quiz\"><div class=\"course-count-item lp_quiz\">1 Cuestionario<\/div><\/div><div class=\"meta-item meta-item-student\"><div class=\"course-count-student\">2 Estudiantes<\/div><\/div><\/div><p class=\"course-short-description\">Informaci\u00f3n General Este curso estar\u00e1 disponible para su realizaci\u00f3n durante un&nbsp;periodo de 6 meses&nbsp;desde su inicio. No hay tiempo ni [&hellip;]<\/p><div class=\"course-info\"><span class=\"course-price\"><span class=\"course-item-price\"><span class=\"course-price-prefix\">P\u00fablico general<\/span> <span class=\"origin-price\">100,00 &euro;<\/span><span class=\"price\">80,00 &euro;<\/span> <span class=\"course-price-suffix\">(Socios FEBF)<\/span><\/span><\/span><div class=\"course-readmore\"><a href=\"https:\/\/febf.org\/formacion\/courses\/curso-basico-en-sostenibilidad-para-pymes\/\">Leer m\u00e1s<\/a><\/div><\/div><\/div><\/div><\/li><li class=\"course\"><div class=\"course-item\" data-id=\"172\"><div class=\"course-thumbnail\"><a href=\"https:\/\/febf.org\/formacion\/courses\/curso-de-finanzas-conductuales\/\"><div class=\"course-img\"><img decoding=\"async\" src=\"https:\/\/febf.org\/formacion\/wp-content\/uploads\/sites\/2\/2025\/02\/featured-Finanzas_Conductuales-500x300.jpg\" alt=\"miniatura del curso\"><\/div><\/a><\/div><div class=\"course-content\"><h3 class=\"wap-course-title\"><a class=\"course-permalink\" href=\"https:\/\/febf.org\/formacion\/courses\/curso-de-finanzas-conductuales\/\"><span class='course-title'>Curso de Finanzas Conductuales<\/span><\/a><\/h3><div class=\"course-instructor-category\"><div><label>por<\/label> <\/div><div><label>en<\/label> <div class=\"course-categories\"><a href=\"https:\/\/febf.org\/formacion\/course-category\/febf\/\" >FEBF<\/a><\/div><\/div><\/div><div class=\"course-wrap-meta\"><div class=\"meta-item meta-item-duration\"><span class=\"course-duration\">10 semanas<\/span><\/div><div class=\"meta-item meta-item-level\"><span class=\"course-level\">Todos los niveles<\/span><\/div><div class=\"meta-item meta-item-lesson\"><div class=\"course-count-item lp_lesson\">5 Lecciones<\/div><\/div><div class=\"meta-item meta-item-quiz\"><div class=\"course-count-item lp_quiz\">3 Cuestionario<\/div><\/div><div class=\"meta-item meta-item-student\"><div class=\"course-count-student\">4 Estudiantes<\/div><\/div><\/div><p class=\"course-short-description\">Bienvenido de nuevo. Puedes seguir donde lo dejaste o repasar las lecciones que ya hiciste.<\/p><div class=\"course-info\"><span class=\"course-price\"><span class=\"course-item-price\"> <span class=\"price\">100,00 &euro;<\/span> <\/span><\/span><div class=\"course-readmore\"><a href=\"https:\/\/febf.org\/formacion\/courses\/curso-de-finanzas-conductuales\/\">Leer m\u00e1s<\/a><\/div><\/div><\/div><\/div><\/li><li class=\"course\"><div class=\"course-item\" data-id=\"170\"><div class=\"course-thumbnail\"><a href=\"https:\/\/febf.org\/formacion\/courses\/curso-de-introduccion-a-la-valoracion-de-empresas\/\"><div class=\"course-img\"><img decoding=\"async\" src=\"https:\/\/febf.org\/formacion\/wp-content\/uploads\/sites\/2\/2025\/02\/featured-Valoracion-de-Empresas-500x300.jpg\" alt=\"miniatura del curso\"><\/div><\/a><\/div><div class=\"course-content\"><h3 class=\"wap-course-title\"><a class=\"course-permalink\" href=\"https:\/\/febf.org\/formacion\/courses\/curso-de-introduccion-a-la-valoracion-de-empresas\/\"><span class='course-title'>Curso de introducci\u00f3n a la valoraci\u00f3n de empresas<\/span><\/a><\/h3><div class=\"course-instructor-category\"><div><label>por<\/label> <\/div><div><label>en<\/label> <div class=\"course-categories\"><a href=\"https:\/\/febf.org\/formacion\/course-category\/febf\/\" >FEBF<\/a><\/div><\/div><\/div><div class=\"course-wrap-meta\"><div class=\"meta-item meta-item-duration\"><span class=\"course-duration\">10 semanas<\/span><\/div><div class=\"meta-item meta-item-level\"><span class=\"course-level\">Todos los niveles<\/span><\/div><div class=\"meta-item meta-item-lesson\"><div class=\"course-count-item lp_lesson\">10 Lecciones<\/div><\/div><div class=\"meta-item meta-item-quiz\"><div class=\"course-count-item lp_quiz\">9 Cuestionario<\/div><\/div><div class=\"meta-item meta-item-student\"><div class=\"course-count-student\">7 Estudiantes<\/div><\/div><\/div><p class=\"course-short-description\">Bienvenido de nuevo. Puedes seguir donde lo dejaste o repasar las lecciones que ya hiciste.<\/p><div class=\"course-info\"><span class=\"course-price\"><span class=\"course-item-price\"> <span class=\"price\">100,00 &euro;<\/span> <\/span><\/span><div class=\"course-readmore\"><a href=\"https:\/\/febf.org\/formacion\/courses\/curso-de-introduccion-a-la-valoracion-de-empresas\/\">Leer m\u00e1s<\/a><\/div><\/div><\/div><\/div><\/li><li class=\"course\"><div class=\"course-item\" data-id=\"167\"><div class=\"course-thumbnail\"><a href=\"https:\/\/febf.org\/formacion\/courses\/curso-practico-de-bolsa\/\"><div class=\"course-img\"><img decoding=\"async\" src=\"https:\/\/febf.org\/formacion\/wp-content\/uploads\/sites\/2\/2025\/02\/featured-practico_bolsa-500x300.jpg\" alt=\"miniatura del curso\"><\/div><\/a><\/div><div class=\"course-content\"><h3 class=\"wap-course-title\"><a class=\"course-permalink\" href=\"https:\/\/febf.org\/formacion\/courses\/curso-practico-de-bolsa\/\"><span class='course-title'>Curso Pr\u00e1ctico de Bolsa<\/span><\/a><\/h3><div class=\"course-instructor-category\"><div><label>por<\/label> <\/div><div><label>en<\/label> <div class=\"course-categories\"><a href=\"https:\/\/febf.org\/formacion\/course-category\/febf\/\" >FEBF<\/a><\/div><\/div><\/div><div class=\"course-wrap-meta\"><div class=\"meta-item meta-item-duration\"><span class=\"course-duration\">13 semanas<\/span><\/div><div class=\"meta-item meta-item-level\"><span class=\"course-level\">Todos los niveles<\/span><\/div><div class=\"meta-item meta-item-lesson\"><div class=\"course-count-item lp_lesson\">6 Lecciones<\/div><\/div><div class=\"meta-item meta-item-quiz\"><div class=\"course-count-item lp_quiz\">5 Cuestionario<\/div><\/div><div class=\"meta-item meta-item-student\"><div class=\"course-count-student\">3 Estudiantes<\/div><\/div><\/div><p class=\"course-short-description\">Bienvenido de nuevo. Puedes seguir donde lo dejaste o repasar las lecciones que ya hiciste.<\/p><div class=\"course-info\"><span class=\"course-price\"><span class=\"course-item-price\"><span class=\"course-price-prefix\">P\u00fablico general<\/span> <span class=\"price\">200,00 &euro;<\/span> <span class=\"course-price-suffix\">Universitarios<\/span><\/span><\/span><div class=\"course-readmore\"><a href=\"https:\/\/febf.org\/formacion\/courses\/curso-practico-de-bolsa\/\">Leer m\u00e1s<\/a><\/div><\/div><\/div><\/div><\/li><li class=\"course\"><div class=\"course-item\" data-id=\"181\"><div class=\"course-thumbnail\"><a href=\"https:\/\/febf.org\/formacion\/courses\/introduccion-al-bitcoin-y-blockchain\/\"><div class=\"course-img\"><img decoding=\"async\" src=\"https:\/\/febf.org\/formacion\/wp-content\/uploads\/sites\/2\/2025\/02\/featured-Bitcoin-500x300.jpg\" alt=\"miniatura del curso\"><\/div><\/a><\/div><div class=\"course-content\"><h3 class=\"wap-course-title\"><a class=\"course-permalink\" href=\"https:\/\/febf.org\/formacion\/courses\/introduccion-al-bitcoin-y-blockchain\/\"><span class='course-title'>Introducci\u00f3n al Bitcoin y Blockchain<\/span><\/a><\/h3><div class=\"course-instructor-category\"><div><label>por<\/label> <\/div><div><label>en<\/label> <div class=\"course-categories\"><a href=\"https:\/\/febf.org\/formacion\/course-category\/febf\/\" >FEBF<\/a><\/div><\/div><\/div><div class=\"course-wrap-meta\"><div class=\"meta-item meta-item-duration\"><span class=\"course-duration\">10 semanas<\/span><\/div><div class=\"meta-item meta-item-level\"><span class=\"course-level\">Todos los niveles<\/span><\/div><div class=\"meta-item meta-item-lesson\"><div class=\"course-count-item lp_lesson\">9 Lecciones<\/div><\/div><div class=\"meta-item meta-item-quiz\"><div class=\"course-count-item lp_quiz\">6 Cuestionario<\/div><\/div><div class=\"meta-item meta-item-student\"><div class=\"course-count-student\">4 Estudiantes<\/div><\/div><\/div><p class=\"course-short-description\">Bienvenido de nuevo. Puedes seguir donde lo dejaste o repasar las lecciones que ya hiciste.<\/p><div class=\"course-info\"><span class=\"course-price\"><span class=\"course-item-price\"> <span class=\"price\">150,00 &euro;<\/span> <\/span><\/span><div class=\"course-readmore\"><a href=\"https:\/\/febf.org\/formacion\/courses\/introduccion-al-bitcoin-y-blockchain\/\">Leer m\u00e1s<\/a><\/div><\/div><\/div><\/div><\/li><li class=\"course\"><div class=\"course-item\" data-id=\"162\"><div class=\"course-thumbnail\"><a href=\"https:\/\/febf.org\/formacion\/courses\/introduccion-al-power-bi-aplicado-al-control-de-gestion\/\"><div class=\"course-img\"><img decoding=\"async\" src=\"https:\/\/febf.org\/formacion\/wp-content\/uploads\/sites\/2\/2025\/02\/featured-power_bi-500x300.jpg\" alt=\"miniatura del curso\"><\/div><\/a><\/div><div class=\"course-content\"><h3 class=\"wap-course-title\"><a class=\"course-permalink\" href=\"https:\/\/febf.org\/formacion\/courses\/introduccion-al-power-bi-aplicado-al-control-de-gestion\/\"><span class='course-title'>Introducci\u00f3n al POWER BI aplicado al Control de Gesti\u00f3n<\/span><\/a><\/h3><div class=\"course-instructor-category\"><div><label>por<\/label> <div class=\"course-instructor\"><a href=\"https:\/\/febf.org\/formacion\/cursos\/chrisgollop\/\"  > <span class=\"instructor-display-name\">admin<\/span><\/a><\/div><\/div><div><label>en<\/label> <div class=\"course-categories\"><a href=\"https:\/\/febf.org\/formacion\/course-category\/febf\/\" >FEBF<\/a><\/div><\/div><\/div><div class=\"course-wrap-meta\"><div class=\"meta-item meta-item-duration\"><span class=\"course-duration\">10 semanas<\/span><\/div><div class=\"meta-item meta-item-level\"><span class=\"course-level\">Todos los niveles<\/span><\/div><div class=\"meta-item meta-item-lesson\"><div class=\"course-count-item lp_lesson\">4 Lecciones<\/div><\/div><div class=\"meta-item meta-item-quiz\"><div class=\"course-count-item lp_quiz\">1 Cuestionario<\/div><\/div><div class=\"meta-item meta-item-student\"><div class=\"course-count-student\">2 Estudiantes<\/div><\/div><\/div><p class=\"course-short-description\">El control de la gesti\u00f3n empresarial pone su foco en la recopilaci\u00f3n de informaci\u00f3n que ayude a optimizar la toma [&hellip;]<\/p><div class=\"course-info\"><span class=\"course-price\"><span class=\"course-item-price\"><span class=\"course-price-prefix\">P\u00fablico general<\/span> <span class=\"origin-price\">120,00 &euro;<\/span><span class=\"price\">80,00 &euro;<\/span> <span class=\"course-price-suffix\">(Socios FEBF)<\/span><\/span><\/span><div class=\"course-readmore\"><a href=\"https:\/\/febf.org\/formacion\/courses\/introduccion-al-power-bi-aplicado-al-control-de-gestion\/\">Leer m\u00e1s<\/a><\/div><\/div><\/div><\/div><\/li><li class=\"course\"><div class=\"course-item\" data-id=\"184\"><div class=\"course-thumbnail\"><a href=\"https:\/\/febf.org\/formacion\/courses\/programa-experto-en-inversiones-financieras\/\"><div class=\"course-img\"><img decoding=\"async\" src=\"https:\/\/febf.org\/formacion\/wp-content\/uploads\/sites\/2\/2025\/02\/featured-Finanzas_Conductuales-500x300.jpg\" alt=\"miniatura del curso\"><\/div><\/a><\/div><div class=\"course-content\"><h3 class=\"wap-course-title\"><a class=\"course-permalink\" href=\"https:\/\/febf.org\/formacion\/courses\/programa-experto-en-inversiones-financieras\/\"><span class='course-title'>Programa Experto en Inversiones Financieras<\/span><\/a><\/h3><div class=\"course-instructor-category\"><div><label>por<\/label> <\/div><div><label>en<\/label> <div class=\"course-categories\"><a href=\"https:\/\/febf.org\/formacion\/course-category\/febf\/\" >FEBF<\/a><\/div><\/div><\/div><div class=\"course-wrap-meta\"><div class=\"meta-item meta-item-duration\"><span class=\"course-duration\">10 semanas<\/span><\/div><div class=\"meta-item meta-item-level\"><span class=\"course-level\">Todos los niveles<\/span><\/div><div class=\"meta-item meta-item-lesson\"><div class=\"course-count-item lp_lesson\">3 Lecciones<\/div><\/div><div class=\"meta-item meta-item-quiz\"><div class=\"course-count-item lp_quiz\">19 Cuestionario<\/div><\/div><div class=\"meta-item meta-item-student\"><div class=\"course-count-student\">2 Estudiantes<\/div><\/div><\/div><p class=\"course-short-description\">Bienvenido de nuevo. Puedes seguir donde lo dejaste o repasar las lecciones que ya hiciste. Programa certificado por:<\/p><div class=\"course-info\"><span class=\"course-price\"><span class=\"course-item-price\"> <span class=\"price\">1,00 &euro;<\/span> <span class=\"course-price-suffix\">Consultar<\/span><\/span><\/span><div class=\"course-readmore\"><a href=\"https:\/\/febf.org\/formacion\/courses\/programa-experto-en-inversiones-financieras\/\">Leer m\u00e1s<\/a><\/div><\/div><\/div><\/div><\/li><li class=\"course\"><div class=\"course-item\" data-id=\"171\"><div class=\"course-thumbnail\"><a href=\"https:\/\/febf.org\/formacion\/courses\/programa-superior-asesoramiento-en-finanzas-sostenibles\/\"><div class=\"course-img\"><img decoding=\"async\" src=\"https:\/\/febf.org\/formacion\/wp-content\/uploads\/sites\/2\/2025\/02\/featured-Asesoramiento_en_finanzas-500x300.jpg\" alt=\"miniatura del curso\"><\/div><\/a><\/div><div class=\"course-content\"><h3 class=\"wap-course-title\"><a class=\"course-permalink\" href=\"https:\/\/febf.org\/formacion\/courses\/programa-superior-asesoramiento-en-finanzas-sostenibles\/\"><span class='course-title'>Programa Superior Asesoramiento en Finanzas Sostenibles<\/span><\/a><\/h3><div class=\"course-instructor-category\"><div><label>por<\/label> <div class=\"course-instructor\"><a href=\"https:\/\/febf.org\/formacion\/cursos\/chrisgollop\/\"  > <span class=\"instructor-display-name\">admin<\/span><\/a><\/div><\/div><div><label>en<\/label> <div class=\"course-categories\"><a href=\"https:\/\/febf.org\/formacion\/course-category\/febf\/\" >FEBF<\/a><\/div><\/div><\/div><div class=\"course-wrap-meta\"><div class=\"meta-item meta-item-duration\"><span class=\"course-duration\">10 semanas<\/span><\/div><div class=\"meta-item meta-item-level\"><span class=\"course-level\">Todos los niveles<\/span><\/div><div class=\"meta-item meta-item-lesson\"><div class=\"course-count-item lp_lesson\">10 Lecciones<\/div><\/div><div class=\"meta-item meta-item-quiz\"><div class=\"course-count-item lp_quiz\">9 Cuestionario<\/div><\/div><div class=\"meta-item meta-item-student\"><div class=\"course-count-student\">4 Estudiantes<\/div><\/div><\/div><p class=\"course-short-description\">Bienvenido de nuevo. Puedes seguir donde lo dejaste o repasar las lecciones que ya hiciste.<\/p><div class=\"course-info\"><span class=\"course-price\"><span class=\"course-item-price\"> <span class=\"price\">550,00 &euro;<\/span> <\/span><\/span><div class=\"course-readmore\"><a href=\"https:\/\/febf.org\/formacion\/courses\/programa-superior-asesoramiento-en-finanzas-sostenibles\/\">Leer m\u00e1s<\/a><\/div><\/div><\/div><\/div><\/li><li class=\"course\"><div class=\"course-item\" data-id=\"1604\"><div class=\"course-thumbnail\"><a href=\"https:\/\/febf.org\/formacion\/courses\/programa-superior-de-asesoramiento-financiero-profesional-psp-online-24-7\/\"><div class=\"course-img\"><img decoding=\"async\" src=\"https:\/\/febf.org\/formacion\/wp-content\/uploads\/sites\/2\/2025\/11\/patio2-scaled-500x300.jpg\" alt=\"miniatura del curso\"><\/div><\/a><\/div><div class=\"course-content\"><h3 class=\"wap-course-title\"><a class=\"course-permalink\" href=\"https:\/\/febf.org\/formacion\/courses\/programa-superior-de-asesoramiento-financiero-profesional-psp-online-24-7\/\"><span class='course-title'>Programa Superior de Asesoramiento Financiero Profesional (PSP)- Online 24\/7<\/span><\/a><\/h3><span class=\"course-featured\">Destacado<\/span><div class=\"course-instructor-category\"><div><label>por<\/label> <div class=\"course-instructor\"><a href=\"https:\/\/febf.org\/formacion\/cursos\/jorgemomblona\/\"  > <span class=\"instructor-display-name\">jorgemomblona<\/span><\/a><\/div><\/div><div><label>en<\/label> <div class=\"course-categories\"><a href=\"https:\/\/febf.org\/formacion\/course-category\/febf\/\" >FEBF<\/a><\/div><\/div><\/div><div class=\"course-wrap-meta\"><div class=\"meta-item meta-item-duration\"><span class=\"course-duration\">24 semanas<\/span><\/div><div class=\"meta-item meta-item-level\"><span class=\"course-level\">Intermedio<\/span><\/div><div class=\"meta-item meta-item-lesson\"><div class=\"course-count-item lp_lesson\">28 Lecciones<\/div><\/div><div class=\"meta-item meta-item-quiz\"><div class=\"course-count-item lp_quiz\">25 Cuestionario<\/div><\/div><div class=\"meta-item meta-item-student\"><div class=\"course-count-student\">2 Estudiantes<\/div><\/div><\/div><p class=\"course-short-description\">Bienvenido al curso online del Programa Superior de Asesoramiento Financiero, que prepara para obtener la certificaci\u00f3n European Financial Advisor (EFA) [&hellip;]<\/p><div class=\"course-info\"><span class=\"course-price\"><span class=\"course-item-price\"> <span class=\"price\">1.500,00 &euro;<\/span> <\/span><\/span><div class=\"course-readmore\"><a href=\"https:\/\/febf.org\/formacion\/courses\/programa-superior-de-asesoramiento-financiero-profesional-psp-online-24-7\/\">Leer m\u00e1s<\/a><\/div><\/div><\/div><\/div><\/li>\t\t\t\t<\/ul>\n\t\t\t<\/div>\n\t\t\t\t\t\t\t<\/div>\n\t\t\t\t<\/div>\n\t\t\t\t\t<\/div>\n\t\t<\/div>\n\t\t\t\t\t<\/div>\n\t\t<\/section>\n\t\t\t\t<\/div>\n\t\t","protected":false},"excerpt":{"rendered":"<p>Todos los cursos de la FEBF Curso B\u00e1sico en Sostenibilidad para PYMESby chrisgollopin FEBF4 HoursAll levels3 Lessons1 Quiz1 Student Informaci\u00f3n [&hellip;]<\/p>\n","protected":false},"author":5,"featured_media":0,"parent":0,"menu_order":0,"comment_status":"closed","ping_status":"closed","template":"","meta":{"_EventAllDay":false,"_EventTimezone":"","_EventStartDate":"","_EventEndDate":"","_EventStartDateUTC":"","_EventEndDateUTC":"","_EventShowMap":false,"_EventShowMapLink":false,"_EventURL":"","_EventCost":"","_EventCostDescription":"","_EventCurrencySymbol":"","_EventCurrencyCode":"","_EventCurrencyPosition":"","_EventDateTimeSeparator":"","_EventTimeRangeSeparator":"","_EventOrganizerID":[],"_EventVenueID":[],"_OrganizerEmail":"","_OrganizerPhone":"","_OrganizerWebsite":"","_VenueAddress":"","_VenueCity":"","_VenueCountry":"","_VenueProvince":"","_VenueState":"","_VenueZip":"","_VenuePhone":"","_VenueURL":"","_VenueStateProvince":"","_VenueLat":"","_VenueLng":"","_VenueShowMap":false,"_VenueShowMapLink":false,"footnotes":""},"class_list":["post-966","page","type-page","status-publish","hentry"],"rttpg_featured_image_url":null,"rttpg_author":{"display_name":"","author_link":"https:\/\/febf.org\/formacion\/author\/"},"rttpg_comment":0,"rttpg_category":null,"rttpg_excerpt":"Todos los cursos de la FEBF Curso B\u00e1sico en Sostenibilidad para PYMESby chrisgollopin FEBF4 HoursAll levels3 Lessons1 Quiz1 Student Informaci\u00f3n [&hellip;]","_links":{"self":[{"href":"https:\/\/febf.org\/formacion\/wp-json\/wp\/v2\/pages\/966","targetHints":{"allow":["GET"]}}],"collection":[{"href":"https:\/\/febf.org\/formacion\/wp-json\/wp\/v2\/pages"}],"about":[{"href":"https:\/\/febf.org\/formacion\/wp-json\/wp\/v2\/types\/page"}],"author":[{"embeddable":true,"href":"https:\/\/febf.org\/formacion\/wp-json\/wp\/v2\/users\/5"}],"replies":[{"embeddable":true,"href":"https:\/\/febf.org\/formacion\/wp-json\/wp\/v2\/comments?post=966"}],"version-history":[{"count":16,"href":"https:\/\/febf.org\/formacion\/wp-json\/wp\/v2\/pages\/966\/revisions"}],"predecessor-version":[{"id":1056,"href":"https:\/\/febf.org\/formacion\/wp-json\/wp\/v2\/pages\/966\/revisions\/1056"}],"wp:attachment":[{"href":"https:\/\/febf.org\/formacion\/wp-json\/wp\/v2\/media?parent=966"}],"curies":[{"name":"wp","href":"https:\/\/api.w.org\/{rel}","templated":true}]}}