{"id":205,"date":"2025-03-03T17:49:20","date_gmt":"2025-03-03T16:49:20","guid":{"rendered":"http:\/\/tiendafebf.local\/?page_id=205"},"modified":"2025-06-25T13:57:37","modified_gmt":"2025-06-25T11:57:37","slug":"contacto","status":"publish","type":"page","link":"https:\/\/febf.org\/tienda\/contacto\/","title":{"rendered":"Contacto"},"content":{"rendered":"\t\t<div data-elementor-type=\"wp-page\" data-elementor-id=\"205\" class=\"elementor elementor-205\">\n\t\t\t\t\t\t<section class=\"has_eae_slider elementor-section elementor-top-section elementor-element elementor-element-5d460cb elementor-section-boxed elementor-section-height-default elementor-section-height-default\" data-eae-slider=\"44403\" data-id=\"5d460cb\" data-element_type=\"section\" data-e-type=\"section\">\n\t\t\t\t\t\t<div class=\"elementor-container elementor-column-gap-default\">\n\t\t\t\t\t<div class=\"has_eae_slider elementor-column elementor-col-100 elementor-top-column elementor-element elementor-element-518bb25\" data-eae-slider=\"92675\" data-id=\"518bb25\" data-element_type=\"column\" data-e-type=\"column\" data-settings=\"{&quot;background_background&quot;:&quot;classic&quot;}\">\n\t\t\t<div class=\"elementor-widget-wrap elementor-element-populated\">\n\t\t\t\t\t\t<section class=\"has_eae_slider elementor-section elementor-inner-section elementor-element elementor-element-d4c5e3b elementor-section-boxed elementor-section-height-default elementor-section-height-default\" data-eae-slider=\"57492\" data-id=\"d4c5e3b\" data-element_type=\"section\" data-e-type=\"section\">\n\t\t\t\t\t\t<div class=\"elementor-container elementor-column-gap-default\">\n\t\t\t\t\t<div class=\"has_eae_slider elementor-column elementor-col-50 elementor-inner-column elementor-element elementor-element-242a754\" data-eae-slider=\"59281\" data-id=\"242a754\" data-element_type=\"column\" data-e-type=\"column\">\n\t\t\t<div class=\"elementor-widget-wrap elementor-element-populated\">\n\t\t\t\t\t\t<div class=\"elementor-element elementor-element-ebd9fe3 elementor-widget-divider--view-line elementor-widget elementor-widget-divider\" data-id=\"ebd9fe3\" data-element_type=\"widget\" data-e-type=\"widget\" data-widget_type=\"divider.default\">\n\t\t\t\t<div class=\"elementor-widget-container\">\n\t\t\t\t\t\t\t<div class=\"elementor-divider\">\n\t\t\t<span class=\"elementor-divider-separator\">\n\t\t\t\t\t\t<\/span>\n\t\t<\/div>\n\t\t\t\t\t\t<\/div>\n\t\t\t\t<\/div>\n\t\t\t\t<div class=\"elementor-element elementor-element-c272c81 elementor-widget elementor-widget-heading\" data-id=\"c272c81\" data-element_type=\"widget\" data-e-type=\"widget\" data-widget_type=\"heading.default\">\n\t\t\t\t<div class=\"elementor-widget-container\">\n\t\t\t\t\t<div class=\"elementor-heading-title elementor-size-default\">\u00bfD\u00f3nde estamos?<\/div>\t\t\t\t<\/div>\n\t\t\t\t<\/div>\n\t\t\t\t\t<\/div>\n\t\t<\/div>\n\t\t\t\t<div class=\"has_eae_slider elementor-column elementor-col-50 elementor-inner-column elementor-element elementor-element-cb2abdc\" data-eae-slider=\"38888\" data-id=\"cb2abdc\" data-element_type=\"column\" data-e-type=\"column\">\n\t\t\t<div class=\"elementor-widget-wrap\">\n\t\t\t\t\t\t\t<\/div>\n\t\t<\/div>\n\t\t\t\t\t<\/div>\n\t\t<\/section>\n\t\t\t\t<section class=\"has_eae_slider elementor-section elementor-inner-section elementor-element elementor-element-bbfdcd6 elementor-section-boxed elementor-section-height-default elementor-section-height-default\" data-eae-slider=\"62801\" data-id=\"bbfdcd6\" data-element_type=\"section\" data-e-type=\"section\">\n\t\t\t\t\t\t<div class=\"elementor-container elementor-column-gap-default\">\n\t\t\t\t\t<div class=\"has_eae_slider elementor-column elementor-col-100 elementor-inner-column elementor-element elementor-element-e20eeb2\" data-eae-slider=\"92266\" data-id=\"e20eeb2\" data-element_type=\"column\" data-e-type=\"column\">\n\t\t\t<div class=\"elementor-widget-wrap elementor-element-populated\">\n\t\t\t\t\t\t<div class=\"elementor-element elementor-element-6603e87 elementor-widget elementor-widget-image\" data-id=\"6603e87\" data-element_type=\"widget\" data-e-type=\"widget\" data-widget_type=\"image.default\">\n\t\t\t\t<div class=\"elementor-widget-container\">\n\t\t\t\t\t\t\t\t\t\t\t\t\t\t\t<img fetchpriority=\"high\" decoding=\"async\" width=\"720\" height=\"379\" src=\"https:\/\/febf.org\/tienda\/wp-content\/uploads\/sites\/3\/2025\/03\/foto_palacio.jpg\" class=\"attachment-large size-large wp-image-207\" alt=\"\" srcset=\"https:\/\/febf.org\/tienda\/wp-content\/uploads\/sites\/3\/2025\/03\/foto_palacio.jpg 720w, https:\/\/febf.org\/tienda\/wp-content\/uploads\/sites\/3\/2025\/03\/foto_palacio-300x158.jpg 300w, https:\/\/febf.org\/tienda\/wp-content\/uploads\/sites\/3\/2025\/03\/foto_palacio-600x316.jpg 600w\" sizes=\"(max-width: 720px) 100vw, 720px\" \/>\t\t\t\t\t\t\t\t\t\t\t\t\t\t\t<\/div>\n\t\t\t\t<\/div>\n\t\t\t\t\t<\/div>\n\t\t<\/div>\n\t\t\t\t\t<\/div>\n\t\t<\/section>\n\t\t\t\t<section class=\"has_eae_slider elementor-section elementor-inner-section elementor-element elementor-element-904eec2 elementor-section-boxed elementor-section-height-default elementor-section-height-default\" data-eae-slider=\"66978\" data-id=\"904eec2\" data-element_type=\"section\" data-e-type=\"section\">\n\t\t\t\t\t\t<div class=\"elementor-container elementor-column-gap-default\">\n\t\t\t\t\t<div class=\"has_eae_slider elementor-column elementor-col-100 elementor-inner-column elementor-element elementor-element-ee84f83\" data-eae-slider=\"20284\" data-id=\"ee84f83\" data-element_type=\"column\" data-e-type=\"column\">\n\t\t\t<div class=\"elementor-widget-wrap elementor-element-populated\">\n\t\t\t\t\t\t<div class=\"elementor-element elementor-element-aecc4fa elementor-widget elementor-widget-heading\" data-id=\"aecc4fa\" data-element_type=\"widget\" data-e-type=\"widget\" data-widget_type=\"heading.default\">\n\t\t\t\t<div class=\"elementor-widget-container\">\n\t\t\t\t\t<div class=\"elementor-heading-title elementor-size-default\">Palacio de los Bo\u00efl d\u2019Aren\u00f3s<\/div>\t\t\t\t<\/div>\n\t\t\t\t<\/div>\n\t\t\t\t<div class=\"elementor-element elementor-element-78625a7 elementor-widget elementor-widget-text-editor\" data-id=\"78625a7\" data-element_type=\"widget\" data-e-type=\"widget\" data-widget_type=\"text-editor.default\">\n\t\t\t\t<div class=\"elementor-widget-container\">\n\t\t\t\t\t\t\t\t\t<p>La Fundaci\u00f3n de Estudios Burs\u00e1tiles y Financieros (FEBF) tiene su sede actual en la calle Libreros n\u00ba 2, entre el Palacio del Marqu\u00e9s de Dos Aguas y el Colegio del Patriarca, en la casa de los Barones de B\u00e9tera, tambi\u00e9n conocida por Palacio de los Bo\u00efl d\u2019Aren\u00f3s, que perteneci\u00f3 a las familias Bo\u00efl y Vives de Ca\u00f1am\u00e1s, titulares de la Baron\u00eda de B\u00e9tera.<\/p><p>Con el nombre de Palacio de los Bo\u00efl d\u2019Aren\u00f3s o Casa de los Barones de B\u00e9tera, el edificio fue declarado Monumento Hist\u00f3rico Art\u00edstico, por Orden Ministerial de 29 de octubre de 1977.<\/p><p>Al final de la d\u00e9cada de los 80, la Generalitat Valenciana adquiri\u00f3 el edificio para su rehabilitaci\u00f3n y destinarlo a ser la sede de la Bolsa de Comercio de Valencia y de la Fundaci\u00f3n de Estudios Burs\u00e1tiles y Financieros.<\/p><p>La elecci\u00f3n de este palacio como sede del mercado de valores valenciano estuvo basada en su ubicaci\u00f3n, c\u00e9ntrica y cercana a los principales centros financieros y bancarios, y el inter\u00e9s por contribuir a la conservaci\u00f3n del patrimonio arquitect\u00f3nico valenciano, a trav\u00e9s de una pieza singular, muestra valiosa de las edificaciones privadas de la nobleza ilustrada valenciana, que lleg\u00f3 a esas fechas en forma todav\u00eda recuperable.<\/p>\t\t\t\t\t\t\t\t<\/div>\n\t\t\t\t<\/div>\n\t\t\t\t\t<\/div>\n\t\t<\/div>\n\t\t\t\t\t<\/div>\n\t\t<\/section>\n\t\t\t\t<section class=\"has_eae_slider elementor-section elementor-inner-section elementor-element elementor-element-960a3a8 elementor-section-boxed elementor-section-height-default elementor-section-height-default\" data-eae-slider=\"23460\" data-id=\"960a3a8\" data-element_type=\"section\" data-e-type=\"section\">\n\t\t\t\t\t\t<div class=\"elementor-container elementor-column-gap-default\">\n\t\t\t\t\t<div class=\"has_eae_slider elementor-column elementor-col-50 elementor-inner-column elementor-element elementor-element-5fb9616\" data-eae-slider=\"48299\" data-id=\"5fb9616\" data-element_type=\"column\" data-e-type=\"column\">\n\t\t\t<div class=\"elementor-widget-wrap elementor-element-populated\">\n\t\t\t\t\t\t<div class=\"elementor-element elementor-element-9731eab elementor-widget elementor-widget-google_maps\" data-id=\"9731eab\" data-element_type=\"widget\" data-e-type=\"widget\" data-widget_type=\"google_maps.default\">\n\t\t\t\t<div class=\"elementor-widget-container\">\n\t\t\t\t\t\t\t<div class=\"elementor-custom-embed\">\n\t\t\t<iframe loading=\"lazy\"\n\t\t\t\t\tsrc=\"https:\/\/maps.google.com\/maps?q=Calle%20Libreros%2C%202%20y%204%20%20Edificio%20Palau%20Bo%C3%AFl%20d%E2%80%99Aren%C3%B3s%20%2046002%20VALENCIA&#038;t=m&#038;z=15&#038;output=embed&#038;iwloc=near\"\n\t\t\t\t\ttitle=\"Calle Libreros, 2 y 4  Edificio Palau Bo\u00efl d\u2019Aren\u00f3s  46002 VALENCIA\"\n\t\t\t\t\taria-label=\"Calle Libreros, 2 y 4  Edificio Palau Bo\u00efl d\u2019Aren\u00f3s  46002 VALENCIA\"\n\t\t\t><\/iframe>\n\t\t<\/div>\n\t\t\t\t\t\t<\/div>\n\t\t\t\t<\/div>\n\t\t\t\t\t<\/div>\n\t\t<\/div>\n\t\t\t\t<div class=\"has_eae_slider elementor-column elementor-col-50 elementor-inner-column elementor-element elementor-element-d61ede3\" data-eae-slider=\"73833\" data-id=\"d61ede3\" data-element_type=\"column\" data-e-type=\"column\">\n\t\t\t<div class=\"elementor-widget-wrap elementor-element-populated\">\n\t\t\t\t\t\t<div class=\"elementor-element elementor-element-feb5637 elementor-widget elementor-widget-heading\" data-id=\"feb5637\" data-element_type=\"widget\" data-e-type=\"widget\" data-widget_type=\"heading.default\">\n\t\t\t\t<div class=\"elementor-widget-container\">\n\t\t\t\t\t<div class=\"elementor-heading-title elementor-size-default\">Contacta con nosotros<\/div>\t\t\t\t<\/div>\n\t\t\t\t<\/div>\n\t\t\t\t<div class=\"elementor-element elementor-element-e8d0498 elementor-widget elementor-widget-text-editor\" data-id=\"e8d0498\" data-element_type=\"widget\" data-e-type=\"widget\" data-widget_type=\"text-editor.default\">\n\t\t\t\t<div class=\"elementor-widget-container\">\n\t\t\t\t\t\t\t\t\t<p>Calle Libreros, 2 y 4<\/p><p>Edificio Palau Bo\u00efl d\u2019Aren\u00f3s<\/p><p>46002 VALENCIA<\/p>\t\t\t\t\t\t\t\t<\/div>\n\t\t\t\t<\/div>\n\t\t\t\t<div class=\"elementor-element elementor-element-63e242e contacto elementor-icon-list--layout-traditional elementor-list-item-link-full_width elementor-widget elementor-widget-icon-list\" data-id=\"63e242e\" data-element_type=\"widget\" data-e-type=\"widget\" data-widget_type=\"icon-list.default\">\n\t\t\t\t<div class=\"elementor-widget-container\">\n\t\t\t\t\t\t\t<ul class=\"elementor-icon-list-items\">\n\t\t\t\t\t\t\t<li class=\"elementor-icon-list-item\">\n\t\t\t\t\t\t\t\t\t\t\t<span class=\"elementor-icon-list-icon\">\n\t\t\t\t\t\t\t<i aria-hidden=\"true\" class=\"eci  fontello-822fb317-ico_phone\"><\/i>\t\t\t\t\t\t<\/span>\n\t\t\t\t\t\t\t\t\t\t<span class=\"elementor-icon-list-text\"><strong>Tel:<\/strong> 96.387.01.48 \/ 49 <\/span>\n\t\t\t\t\t\t\t\t\t<\/li>\n\t\t\t\t\t\t\t\t<li class=\"elementor-icon-list-item\">\n\t\t\t\t\t\t\t\t\t\t\t<a href=\"mailto:formacion@febf.org\">\n\n\t\t\t\t\t\t\t\t\t\t\t\t<span class=\"elementor-icon-list-icon\">\n\t\t\t\t\t\t\t<i aria-hidden=\"true\" class=\"eci  fontello-822fb317-ico_email\"><\/i>\t\t\t\t\t\t<\/span>\n\t\t\t\t\t\t\t\t\t\t<span class=\"elementor-icon-list-text\">formacion@febf.org<\/span>\n\t\t\t\t\t\t\t\t\t\t\t<\/a>\n\t\t\t\t\t\t\t\t\t<\/li>\n\t\t\t\t\t\t\t\t<li class=\"elementor-icon-list-item\">\n\t\t\t\t\t\t\t\t\t\t\t<a href=\"https:\/\/www.febf.org\/\">\n\n\t\t\t\t\t\t\t\t\t\t\t\t<span class=\"elementor-icon-list-icon\">\n\t\t\t\t\t\t\t<i aria-hidden=\"true\" class=\"eci  fontello-5ae40f83-mapamundi\"><\/i>\t\t\t\t\t\t<\/span>\n\t\t\t\t\t\t\t\t\t\t<span class=\"elementor-icon-list-text\">www.febf.org<\/span>\n\t\t\t\t\t\t\t\t\t\t\t<\/a>\n\t\t\t\t\t\t\t\t\t<\/li>\n\t\t\t\t\t\t<\/ul>\n\t\t\t\t\t\t<\/div>\n\t\t\t\t<\/div>\n\t\t\t\t\t<\/div>\n\t\t<\/div>\n\t\t\t\t\t<\/div>\n\t\t<\/section>\n\t\t\t\t\t<\/div>\n\t\t<\/div>\n\t\t\t\t\t<\/div>\n\t\t<\/section>\n\t\t\t\t<\/div>\n\t\t","protected":false},"excerpt":{"rendered":"<p>\u00bfD\u00f3nde estamos? Palacio de los Bo\u00efl d\u2019Aren\u00f3s La Fundaci\u00f3n de Estudios Burs\u00e1tiles y Financieros (FEBF) tiene su sede actual en la calle Libreros n\u00ba 2, entre el Palacio del Marqu\u00e9s [&hellip;]<\/p>\n","protected":false},"author":5,"featured_media":0,"parent":0,"menu_order":0,"comment_status":"closed","ping_status":"closed","template":"","meta":{"_EventAllDay":false,"_EventTimezone":"","_EventStartDate":"","_EventEndDate":"","_EventStartDateUTC":"","_EventEndDateUTC":"","_EventShowMap":false,"_EventShowMapLink":false,"_EventURL":"","_EventCost":"","_EventCostDescription":"","_EventCurrencySymbol":"","_EventCurrencyCode":"","_EventCurrencyPosition":"","_EventDateTimeSeparator":"","_EventTimeRangeSeparator":"","_EventOrganizerID":[],"_EventVenueID":[],"_OrganizerEmail":"","_OrganizerPhone":"","_OrganizerWebsite":"","_VenueAddress":"","_VenueCity":"","_VenueCountry":"","_VenueProvince":"","_VenueState":"","_VenueZip":"","_VenuePhone":"","_VenueURL":"","_VenueStateProvince":"","_VenueLat":"","_VenueLng":"","_VenueShowMap":false,"_VenueShowMapLink":false,"footnotes":""},"class_list":["post-205","page","type-page","status-publish","hentry"],"rttpg_featured_image_url":null,"rttpg_author":{"display_name":"","author_link":"https:\/\/febf.org\/tienda\/author\/"},"rttpg_comment":0,"rttpg_category":null,"rttpg_excerpt":"\u00bfD\u00f3nde estamos? Palacio de los Bo\u00efl d\u2019Aren\u00f3s La Fundaci\u00f3n de Estudios Burs\u00e1tiles y Financieros (FEBF) tiene su sede actual en la calle Libreros n\u00ba 2, entre el Palacio del Marqu\u00e9s [&hellip;]","_links":{"self":[{"href":"https:\/\/febf.org\/tienda\/wp-json\/wp\/v2\/pages\/205","targetHints":{"allow":["GET"]}}],"collection":[{"href":"https:\/\/febf.org\/tienda\/wp-json\/wp\/v2\/pages"}],"about":[{"href":"https:\/\/febf.org\/tienda\/wp-json\/wp\/v2\/types\/page"}],"author":[{"embeddable":true,"href":"https:\/\/febf.org\/tienda\/wp-json\/wp\/v2\/users\/5"}],"replies":[{"embeddable":true,"href":"https:\/\/febf.org\/tienda\/wp-json\/wp\/v2\/comments?post=205"}],"version-history":[{"count":10,"href":"https:\/\/febf.org\/tienda\/wp-json\/wp\/v2\/pages\/205\/revisions"}],"predecessor-version":[{"id":551,"href":"https:\/\/febf.org\/tienda\/wp-json\/wp\/v2\/pages\/205\/revisions\/551"}],"wp:attachment":[{"href":"https:\/\/febf.org\/tienda\/wp-json\/wp\/v2\/media?parent=205"}],"curies":[{"name":"wp","href":"https:\/\/api.w.org\/{rel}","templated":true}]}}