{"id":514,"date":"2025-06-16T10:12:02","date_gmt":"2025-06-16T08:12:02","guid":{"rendered":"https:\/\/febf.org\/tienda\/?post_type=product&#038;p=514"},"modified":"2025-06-16T13:15:33","modified_gmt":"2025-06-16T11:15:33","slug":"4a-sesion-ciclo-conferencias-derecho-concursal-magistrado-jacinto-talens","status":"publish","type":"product","link":"https:\/\/febf.org\/tienda\/producto\/4a-sesion-ciclo-conferencias-derecho-concursal-magistrado-jacinto-talens\/","title":{"rendered":"4\u00aa Sesi\u00f3n Ciclo Conferencias Derecho Concursal &#8211; Magistrado Jacinto T\u00e1lens"},"content":{"rendered":"<p>(Si eres socio de la FEBF a\u00f1ade el cup\u00f3n \u00abSOCIOS\u00bb en tu carrito y ll\u00e9vate 10\u20ac de DESCUENTO)<\/p>\n<p>(Si quieres inscribir a m\u00e1s de una persona, por favor indica los datos de la misma a\u00f1adiendo una \u00abNOTA\u00bb)<\/p>\n<p><strong>MATR\u00cdCULA:\u00a0<\/strong>45 \u20ac Socios FEBF \u2013 55\u20ac<\/p>\n<p>&nbsp;<\/p>\n<p><strong><em>El objetivo de este Ciclo de Conferencias es permitir desenvolverse en el entorno del concurso de acreedores para intervenir y asesorar ante situaciones de insolvencia y que el deudor pueda hacer frente a sus obligaciones.<\/em><\/strong><\/p>\n<p>&nbsp;<\/p>\n<p><strong>LUGAR:<\/strong> HOTEL SH Ingl\u00e9s \u2013 Sal\u00f3n Clandestino. Calle Marqu\u00e9s de Dos Aguas, 6 \u2013 Valencia.<\/p>\n<p>&nbsp;<\/p>\n<p><strong>AGENDA 10 julio<\/strong>:<\/p>\n<p><strong>Apertura Institucional.<\/strong><\/p>\n<ul class=\"wp-block-list\">\n<li>Isabel Gim\u00e9nez. Directora General FEBF.<\/li>\n<\/ul>\n<p><strong>An\u00e1lisis de los aspectos laborales. Familia y Concurso.<\/strong><\/p>\n<ul class=\"wp-block-list\">\n<li>Modera: Benjam\u00edn Prieto. Socio Director Concursal Andersen.<\/li>\n<li>Ponente: Jacinto T\u00e1lens. Magistrado Juez del Juzgado de lo Mercantil n\u00ba 2 de Valencia.<\/li>\n<\/ul>\n<p><strong>Comida.<\/strong><\/p>\n<p><strong>Coloquio y conclusiones.<\/strong><\/p>\n","protected":false},"excerpt":{"rendered":"<p>(Si eres socio de la FEBF a\u00f1ade el cup\u00f3n \u00abSOCIOS\u00bb en tu carrito y ll\u00e9vate 10\u20ac de DESCUENTO) (Si quieres inscribir a m\u00e1s de una persona, por favor indica los [&hellip;]<\/p>\n","protected":false},"featured_media":524,"comment_status":"open","ping_status":"closed","template":"","meta":{"_EventAllDay":false,"_EventTimezone":"","_EventStartDate":"","_EventEndDate":"","_EventStartDateUTC":"","_EventEndDateUTC":"","_EventShowMap":false,"_EventShowMapLink":false,"_EventURL":"","_EventCost":"","_EventCostDescription":"","_EventCurrencySymbol":"","_EventCurrencyCode":"","_EventCurrencyPosition":"","_EventDateTimeSeparator":"","_EventTimeRangeSeparator":"","_EventOrganizerID":[],"_EventVenueID":[],"_OrganizerEmail":"","_OrganizerPhone":"","_OrganizerWebsite":"","_VenueAddress":"","_VenueCity":"","_VenueCountry":"","_VenueProvince":"","_VenueState":"","_VenueZip":"","_VenuePhone":"","_VenueURL":"","_VenueStateProvince":"","_VenueLat":"","_VenueLng":"","_VenueShowMap":false,"_VenueShowMapLink":false},"product_brand":[],"product_cat":[28],"product_tag":[],"class_list":{"0":"post-514","1":"product","2":"type-product","3":"status-publish","4":"has-post-thumbnail","6":"product_cat-actividades-2","8":"first","9":"instock","10":"virtual","11":"purchasable","12":"product-type-simple"},"_links":{"self":[{"href":"https:\/\/febf.org\/tienda\/wp-json\/wp\/v2\/product\/514","targetHints":{"allow":["GET"]}}],"collection":[{"href":"https:\/\/febf.org\/tienda\/wp-json\/wp\/v2\/product"}],"about":[{"href":"https:\/\/febf.org\/tienda\/wp-json\/wp\/v2\/types\/product"}],"replies":[{"embeddable":true,"href":"https:\/\/febf.org\/tienda\/wp-json\/wp\/v2\/comments?post=514"}],"wp:featuredmedia":[{"embeddable":true,"href":"https:\/\/febf.org\/tienda\/wp-json\/wp\/v2\/media\/524"}],"wp:attachment":[{"href":"https:\/\/febf.org\/tienda\/wp-json\/wp\/v2\/media?parent=514"}],"wp:term":[{"taxonomy":"product_brand","embeddable":true,"href":"https:\/\/febf.org\/tienda\/wp-json\/wp\/v2\/product_brand?post=514"},{"taxonomy":"product_cat","embeddable":true,"href":"https:\/\/febf.org\/tienda\/wp-json\/wp\/v2\/product_cat?post=514"},{"taxonomy":"product_tag","embeddable":true,"href":"https:\/\/febf.org\/tienda\/wp-json\/wp\/v2\/product_tag?post=514"}],"curies":[{"name":"wp","href":"https:\/\/api.w.org\/{rel}","templated":true}]}}