{"id":55,"date":"2025-03-03T13:01:42","date_gmt":"2025-03-03T12:01:42","guid":{"rendered":"http:\/\/tiendafebf.local\/?post_type=product&#038;p=55"},"modified":"2025-03-20T10:50:12","modified_gmt":"2025-03-20T09:50:12","slug":"valoracion-de-empresas-y-otros-activos","status":"publish","type":"product","link":"https:\/\/febf.org\/tienda\/producto\/valoracion-de-empresas-y-otros-activos\/","title":{"rendered":"Valoraci\u00f3n de Empresas y Otros Activos"},"content":{"rendered":"<p>A lo largo de la publicaci\u00f3n se reflexiona sobre la valoraci\u00f3n de empresas, teniendo en cuenta las matizaciones que incluye sobre dicho proceso su sistema de propiedad: empresas familiares, empresas cotizadas, empresas no cotizadas, su sector (empresas tecnol\u00f3gicas), su comprador (empresas de capital riesgo) o su tama\u00f1o (startups).<\/p>\n<p>Adem\u00e1s de ello, se ha tenido en cuenta la creciente importancia de los intangibles y la informaci\u00f3n no financiera, con nuevos retos para la valoraci\u00f3n de empresas.<\/p>\n<p>Por \u00faltimo, la publicaci\u00f3n ha considerado de gran valor a\u00f1adido reflexionar sobre la valoraci\u00f3n de activos inmobiliarios y la valoraci\u00f3n de obras de arte, haciendo especial hincapi\u00e9 en la influencia de la tecnolog\u00eda y la sociedad digital.<\/p>\n","protected":false},"excerpt":{"rendered":"<p>A lo largo de la publicaci\u00f3n se reflexiona sobre la valoraci\u00f3n de empresas, teniendo en cuenta las matizaciones que incluye sobre dicho proceso su sistema de propiedad.<\/p>\n","protected":false},"featured_media":84,"comment_status":"open","ping_status":"closed","template":"","meta":{"_EventAllDay":false,"_EventTimezone":"","_EventStartDate":"","_EventEndDate":"","_EventStartDateUTC":"","_EventEndDateUTC":"","_EventShowMap":false,"_EventShowMapLink":false,"_EventURL":"","_EventCost":"","_EventCostDescription":"","_EventCurrencySymbol":"","_EventCurrencyCode":"","_EventCurrencyPosition":"","_EventDateTimeSeparator":"","_EventTimeRangeSeparator":"","_EventOrganizerID":[],"_EventVenueID":[],"_OrganizerEmail":"","_OrganizerPhone":"","_OrganizerWebsite":"","_VenueAddress":"","_VenueCity":"","_VenueCountry":"","_VenueProvince":"","_VenueState":"","_VenueZip":"","_VenuePhone":"","_VenueURL":"","_VenueStateProvince":"","_VenueLat":"","_VenueLng":"","_VenueShowMap":false,"_VenueShowMapLink":false},"product_brand":[],"product_cat":[22,21],"product_tag":[],"class_list":{"0":"post-55","1":"product","2":"type-product","3":"status-publish","4":"has-post-thumbnail","6":"product_cat-libros","7":"product_cat-publicaciones","9":"first","10":"instock","11":"shipping-taxable","12":"purchasable","13":"product-type-simple"},"_links":{"self":[{"href":"https:\/\/febf.org\/tienda\/wp-json\/wp\/v2\/product\/55","targetHints":{"allow":["GET"]}}],"collection":[{"href":"https:\/\/febf.org\/tienda\/wp-json\/wp\/v2\/product"}],"about":[{"href":"https:\/\/febf.org\/tienda\/wp-json\/wp\/v2\/types\/product"}],"replies":[{"embeddable":true,"href":"https:\/\/febf.org\/tienda\/wp-json\/wp\/v2\/comments?post=55"}],"wp:featuredmedia":[{"embeddable":true,"href":"https:\/\/febf.org\/tienda\/wp-json\/wp\/v2\/media\/84"}],"wp:attachment":[{"href":"https:\/\/febf.org\/tienda\/wp-json\/wp\/v2\/media?parent=55"}],"wp:term":[{"taxonomy":"product_brand","embeddable":true,"href":"https:\/\/febf.org\/tienda\/wp-json\/wp\/v2\/product_brand?post=55"},{"taxonomy":"product_cat","embeddable":true,"href":"https:\/\/febf.org\/tienda\/wp-json\/wp\/v2\/product_cat?post=55"},{"taxonomy":"product_tag","embeddable":true,"href":"https:\/\/febf.org\/tienda\/wp-json\/wp\/v2\/product_tag?post=55"}],"curies":[{"name":"wp","href":"https:\/\/api.w.org\/{rel}","templated":true}]}}