{"id":58,"date":"2025-03-03T13:01:42","date_gmt":"2025-03-03T12:01:42","guid":{"rendered":"http:\/\/tiendafebf.local\/?post_type=product&#038;p=58"},"modified":"2025-04-14T10:14:03","modified_gmt":"2025-04-14T08:14:03","slug":"inteligencia-artificial-retos-y-oportunidades","status":"publish","type":"product","link":"https:\/\/febf.org\/tienda\/producto\/inteligencia-artificial-retos-y-oportunidades\/","title":{"rendered":"Inteligencia Artificial: Retos y Oportunidades"},"content":{"rendered":"<p>La Inteligencia Artificial ya forma parte de nuestro d\u00eda a d\u00eda. La utilizamos constantemente, muchas veces incluso de manera inconsciente; en acciones cotidianas como el uso de asistentes de voz, redes sociales, anuncios personalizados, etc. Presenta, sin ninguna duda, una clara oportunidad para la optimizaci\u00f3n de procesos y actividades tanto a nivel personal como profesional. Sin embargo, tambi\u00e9n plantea una serie de retos \u00e9ticos y regulatorios en los que debemos poner el foco.<\/p>\n<p>Todas las empresas pueden encontrar en la Inteligencia Artificial una aliada para crecer en competitividad y excelencia operativa. La Inteligencia Artificial amplia nuestras posibilidades reales de actuar al permitirnos acceder a m\u00e1s conocimiento y recursos. Las aplicaciones facilitan muchos procesos y nos ahorran esfuerzo, pero tienen una gran capacidad de manipulaci\u00f3n.<\/p>\n<p>Este monogr\u00e1fico, escrito por profesionales de diferentes \u00e1mbitos y sectores; abarca desde un punto cr\u00edtico y pr\u00e1ctico los desaf\u00edos y oportunidades que el desarrollo e implementaci\u00f3n de esta tecnolog\u00eda conlleva para nuestra sociedad.<\/p>\n<p>La Inteligencia Artificial es el principal motor de la pr\u00f3xima gran revoluci\u00f3n tecnol\u00f3gica empresarial y saber adaptarse y utilizarla responsablemente marcar\u00e1 la diferencia. Ninguna tecnolog\u00eda puede estar por encima de los derechos fundamentales.<\/p>\n","protected":false},"excerpt":{"rendered":"<p>La Inteligencia Artificial ya forma parte de nuestro d\u00eda a d\u00eda. La utilizamos constantemente, muchas veces incluso de manera inconsciente; en acciones cotidianas como el uso de asistentes de voz, [&hellip;]<\/p>\n","protected":false},"featured_media":87,"comment_status":"open","ping_status":"closed","template":"","meta":{"_EventAllDay":false,"_EventTimezone":"","_EventStartDate":"","_EventEndDate":"","_EventStartDateUTC":"","_EventEndDateUTC":"","_EventShowMap":false,"_EventShowMapLink":false,"_EventURL":"","_EventCost":"","_EventCostDescription":"","_EventCurrencySymbol":"","_EventCurrencyCode":"","_EventCurrencyPosition":"","_EventDateTimeSeparator":"","_EventTimeRangeSeparator":"","_EventOrganizerID":[],"_EventVenueID":[],"_OrganizerEmail":"","_OrganizerPhone":"","_OrganizerWebsite":"","_VenueAddress":"","_VenueCity":"","_VenueCountry":"","_VenueProvince":"","_VenueState":"","_VenueZip":"","_VenuePhone":"","_VenueURL":"","_VenueStateProvince":"","_VenueLat":"","_VenueLng":"","_VenueShowMap":false,"_VenueShowMapLink":false},"product_brand":[],"product_cat":[22,21],"product_tag":[],"class_list":{"0":"post-58","1":"product","2":"type-product","3":"status-publish","4":"has-post-thumbnail","6":"product_cat-libros","7":"product_cat-publicaciones","9":"first","10":"instock","11":"downloadable","12":"virtual","13":"purchasable","14":"product-type-simple"},"_links":{"self":[{"href":"https:\/\/febf.org\/tienda\/wp-json\/wp\/v2\/product\/58","targetHints":{"allow":["GET"]}}],"collection":[{"href":"https:\/\/febf.org\/tienda\/wp-json\/wp\/v2\/product"}],"about":[{"href":"https:\/\/febf.org\/tienda\/wp-json\/wp\/v2\/types\/product"}],"replies":[{"embeddable":true,"href":"https:\/\/febf.org\/tienda\/wp-json\/wp\/v2\/comments?post=58"}],"wp:featuredmedia":[{"embeddable":true,"href":"https:\/\/febf.org\/tienda\/wp-json\/wp\/v2\/media\/87"}],"wp:attachment":[{"href":"https:\/\/febf.org\/tienda\/wp-json\/wp\/v2\/media?parent=58"}],"wp:term":[{"taxonomy":"product_brand","embeddable":true,"href":"https:\/\/febf.org\/tienda\/wp-json\/wp\/v2\/product_brand?post=58"},{"taxonomy":"product_cat","embeddable":true,"href":"https:\/\/febf.org\/tienda\/wp-json\/wp\/v2\/product_cat?post=58"},{"taxonomy":"product_tag","embeddable":true,"href":"https:\/\/febf.org\/tienda\/wp-json\/wp\/v2\/product_tag?post=58"}],"curies":[{"name":"wp","href":"https:\/\/api.w.org\/{rel}","templated":true}]}}